 is the hundreds digit of 345514670?
6
What is the hundreds digit of 6392680?
6
What is the ten millions digit of 245157782?
4
What is the millions digit of 13512252?
3
What is the hundreds digit of 85306959?
9
What is the billions digit of 1302450283?
1
What is the units digit of 699301452?
2
What is the tens digit of 12254568?
6
What is the hundred thousands digit of 30742478?
7
What is the units digit of 46509789?
9
What is the millions digit of 5927805537?
7
What is the millions digit of 1050829471?
0
What is the millions digit of 410865292?
0
What is the tens digit of 334496057?
5
What is the hundred millions digit of 1151386833?
1
What is the millions digit of 5484383875?
4
What is the thousands digit of 3179029838?
9
What is the hundred millions digit of 1249157089?
2
What is the thousands digit of 570546297?
6
What is the millions digit of 139854612?
9
What is the ten millions digit of 94125081?
9
What is the millions digit of 210783000?
0
What is the ten millions digit of 1957023461?
5
What is the tens digit of 7674064950?
5
What is the thousands digit of 1124659917?
9
What is the hundreds digit of 93991050?
0
What is the millions digit of 97591575?
7
What is the millions digit of 66140783?
6
What is the hundred millions digit of 127875792?
1
What is the hundred thousands digit of 37143578?
1
What is the millions digit of 82908663?
2
What is the thousands digit of 187798718?
8
What is the thousands digit of 40893127?
3
What is the units digit of 201877764?
4
What is the hundred millions digit of 6964982044?
9
What is the millions digit of 533135158?
3
What is the ten thousands digit of 2372118610?
1
What is the hundred thousands digit of 10755118?
7
What is the hundred thousands digit of 1620918162?
9
What is the hundred millions digit of 170833167?
1
What is the thousands digit of 30325234?
5
What is the ten millions digit of 1149667484?
4
What is the millions digit of 2716771139?
6
What is the units digit of 2828370?
0
What is the units digit of 72905348?
8
What is the millions digit of 1514669096?
4
What is the ten thousands digit of 228383614?
8
What is the units digit of 51148185?
5
What is the millions digit of 211139912?
1
What is the hundreds digit of 52078228?
2
What is the thousands digit of 163348890?
8
What is the ten thousands digit of 1863762148?
6
What is the hundreds digit of 640778536?
5
What is the hundreds digit of 1178613859?
8
What is the ten thousands digit of 241076609?
7
What is the hundred thousands digit of 85978808?
9
What is the units digit of 3763332116?
6
What is the hundred millions digit of 1236030078?
2
What is the ten thousands digit of 9228827?
2
What is the millions digit of 692434924?
2
What is the thousands digit of 9315062?
5
What is the billions digit of 1192519297?
1
What is the millions digit of 75861243?
5
What is the hundred millions digit of 1933900252?
9
What is the thousands digit of 383628389?
8
What is the hundreds digit of 283365486?
4
What is the thousands digit of 23261734?
1
What is the units digit of 1313993338?
8
What is the thousands digit of 62867115?
7
What is the ten thousands digit of 7848927?
4
What is the ten millions digit of 67572839?
6
What is the thousands digit of 69943116?
3
What is the hundred millions digit of 1913379173?
9
What is the hundred millions digit of 474855396?
4
What is the millions digit of 84815160?
4
What is the units digit of 576993423?
3
What is the millions digit of 68685673?
8
What is the billions digit of 2632107064?
2
What is the thousands digit of 297985086?
5
What is the tens digit of 1661484459?
5
What is the ten thousands digit of 1064555?
6
What is the hundred millions digit of 1419030556?
4
What is the millions digit of 106238589?
6
What is the millions digit of 310520878?
0
What is the hundred millions digit of 244744879?
2
What is the millions digit of 1505106600?
5
What is the billions digit of 7282269349?
7
What is the hundreds digit of 591773490?
4
What is the tens digit of 7084380?
8
What is the units digit of 111101197?
7
What is the ten millions digit of 57516742?
5
What is the hundred thousands digit of 8144120361?
1
What is the tens digit of 377075?
7
What is the hundred thousands digit of 3005659870?
6
What is the tens digit of 103008323?
2
What is the ten thousands digit of 195568962?
6
What is the ten millions digit of 63392738?
6
What is the units digit of 5414761?
1
What is the tens digit of 8809521?
2
What is the ten millions digit of 112086306?
1
What is the millions digit of 402245287?
2
What is the millions digit of 3468796349?
8
What is the hundreds digit of 53229772?
7
What is the tens digit of 1245218852?
5
What is the thousands digit of 117447779?
7
What is the thousands digit of 227986503?
6
What is the hundred thousands digit of 6973888726?
8
What is the tens digit of 3796907650?
5
What is the hundreds digit of 144650932?
9
What is the thousands digit of 426113207?
3
What is the millions digit of 128535376?
8
What is the thousands digit of 48308282?
8
What is the hundred thousands digit of 202532425?
5
What is the tens digit of 2576858853?
5
What is the ten millions digit of 72095791?
7
What is the hundred millions digit of 299796439?
2
What is the hundreds digit of 253339235?
2
What is the ten thousands digit of 63012007?
1
What is the thousands digit of 287760828?
0
What is the tens digit of 2664276563?
6
What is the ten millions digit of 281426984?
8
What is the ten thousands digit of 170564377?
6
What is the thousands digit of 55805600?
5
What is the thousands digit of 172997257?
7
What is the thousands digit of 870156592?
6
What is the hundreds digit of 156941013?
0
What is the hundreds digit of 7786432?
4
What is the billions digit of 1686937290?
1
What is the hundred thousands digit of 54611658?
6
What is the tens digit of 3219850?
5
What is the hundred thousands digit of 1565621558?
6
What is the hundreds digit of 162560871?
8
What is the units digit of 135375634?
4
What is the hundreds digit of 77793607?
6
What is the hundred thousands digit of 205060319?
0
What is the thousands digit of 803767681?
7
What is the tens digit of 821967393?
9
What is the millions digit of 88440437?
8
What is the hundred millions digit of 1651697949?
6
What is the ten millions digit of 839948086?
3
What is the thousands digit of 171771165?
1
What is the hundred millions digit of 3248453920?
2
What is the millions digit of 47815747?
7
What is the thousands digit of 3443132048?
2
What is the ten millions digit of 2037474076?
3
What is the units digit of 19947623?
3
What is the hundred thousands digit of 111010004?
0
What is the units digit of 68496352?
2
What is the tens digit of 328493477?
7
What is the millions digit of 145244218?
5
What is the units digit of 697230989?
9
What is the hundreds digit of 1999067485?
4
What is the ten millions digit of 734017699?
3
What is the units digit of 470870179?
9
What is the ten millions digit of 1083450970?
8
What is the thousands digit of 194005948?
5
What is the units digit of 421216849?
9
What is the millions digit of 1671470597?
1
What is the ten millions digit of 4908744494?
0
What is the ten thousands digit of 26322542?
2
What is the millions digit of 479413322?
9
What is the millions digit of 38620520?
8
What is the hundreds digit of 352290157?
1
What is the hundred millions digit of 2811773368?
8
What is the millions digit of 632414656?
2
What is the hundred millions digit of 192546648?
1
What is the tens digit of 2109095517?
1
What is the ten thousands digit of 1515067557?
6
What is the hundred millions digit of 504828957?
5
What is the hundreds digit of 1418860270?
2
What is the hundreds digit of 308968794?
7
What is the units digit of 2927524?
4
What is the hundred millions digit of 104885884?
1
What is the hundred thousands digit of 575453699?
4
What is the hundred millions digit of 4030160330?
0
What is the hundred thousands digit of 726298882?
2
What is the hundred thousands digit of 254576052?
5
What is the hundreds digit of 612056420?
4
What is the ten millions digit of 50974644?
5
What is the thousands digit of 1543458030?
8
What is the thousands digit of 2670870?
0
What is the tens digit of 289605249?
4
What is the ten millions digit of 56285267?
5
What is the millio